{"id":1503,"date":"2024-08-27T18:49:47","date_gmt":"2024-08-27T15:49:47","guid":{"rendered":"https:\/\/sahil.rizeyediiklim.com\/?page_id=1503"},"modified":"2024-08-27T18:49:47","modified_gmt":"2024-08-27T15:49:47","slug":"kvkk-aydinlatma-metni","status":"publish","type":"page","link":"https:\/\/rizeyediiklim.com.tr\/?page_id=1503","title":{"rendered":"KVKK AYDINLATMA METN\u0130"},"content":{"rendered":"\t\t<div data-elementor-type=\"wp-page\" data-elementor-id=\"1503\" class=\"elementor elementor-1503\">\n\t\t\t\t\t\t\t\t\t<section class=\"elementor-section elementor-top-section elementor-element elementor-element-ac6a522 elementor-section-boxed elementor-section-height-default elementor-section-height-default\" data-id=\"ac6a522\" data-element_type=\"section\">\n\t\t\t\t\t\t<div class=\"elementor-container elementor-column-gap-default\">\n\t\t\t\t\t<div class=\"elementor-column elementor-col-100 elementor-top-column elementor-element elementor-element-13648ec\" data-id=\"13648ec\" data-element_type=\"column\">\n\t\t\t<div class=\"elementor-widget-wrap elementor-element-populated\">\n\t\t\t\t\t\t\t\t<div class=\"elementor-element elementor-element-8d7d5a6 elementor-widget elementor-widget-text-editor\" data-id=\"8d7d5a6\" data-element_type=\"widget\" data-widget_type=\"text-editor.default\">\n\t\t\t\t<div class=\"elementor-widget-container\">\n\t\t\t<style>\/*! elementor - v3.11.2 - 22-02-2023 *\/\n.elementor-widget-text-editor.elementor-drop-cap-view-stacked .elementor-drop-cap{background-color:#818a91;color:#fff}.elementor-widget-text-editor.elementor-drop-cap-view-framed .elementor-drop-cap{color:#818a91;border:3px solid;background-color:transparent}.elementor-widget-text-editor:not(.elementor-drop-cap-view-default) .elementor-drop-cap{margin-top:8px}.elementor-widget-text-editor:not(.elementor-drop-cap-view-default) .elementor-drop-cap-letter{width:1em;height:1em}.elementor-widget-text-editor .elementor-drop-cap{float:left;text-align:center;line-height:1;font-size:50px}.elementor-widget-text-editor .elementor-drop-cap-letter{display:inline-block}<\/style>\t\t\t\t<p>Bu gizlilik politikas\u0131 ile Rize Yediiklim Ki\u015fisel Geli\u015fim Kursu internet sitesi www.sahil.rizeyediiklim.com \u00fczerinden kullan\u0131c\u0131lar\u0131n www.sahil.rizeyediiklim.com\u2019de bulunan ki\u015fisel bilgilerinin kullan\u0131m\u0131 ve korunmas\u0131 d\u00fczenlenmektedir. Kullan\u0131c\u0131lar\u0131n ki\u015fisel bilgileri, ad\u0131 \u2013 soyad\u0131, do\u011fum tarihi, telefon numaras\u0131, e-posta adresi, T.C. kimlik numaras\u0131 gibi kullan\u0131c\u0131y\u0131 do\u011frudan ya da dolayl\u0131 olarak tan\u0131mlamaya y\u00f6nelik her t\u00fcrl\u00fc ki\u015fisel bilgi olup, bu gizlilik politikas\u0131nda \u201cki\u015fisel bilgiler\u201d olarak an\u0131lacakt\u0131r.<\/p><p>www.sahil.rizeyediiklim.com kullan\u0131c\u0131lar\u0131n\u0131n ki\u015fisel bilgileri, bu gizlilik politikas\u0131 ile belirlenen esas ve kapsam haricinde hi\u00e7bir \u015fekilde kullan\u0131lmayacak ve ancak kullan\u0131c\u0131n\u0131n a\u00e7\u0131k r\u0131zas\u0131 ile \u00fc\u00e7\u00fcnc\u00fc ki\u015filerle payla\u015f\u0131lacakt\u0131r.<\/p><p>www.sahil.rizeyediiklim.com, ki\u015fisel bilgilerin ve www.sahil.rizeyediiklim.com kullan\u0131c\u0131lar\u0131n\u0131n ger\u00e7ekle\u015ftirmi\u015f oldu\u011fu i\u015flem bilgilerinin g\u00fcvenli\u011fini ve gizlili\u011fini sa\u011flamak i\u00e7in gerekli \u00f6nlemleri almaktad\u0131r. www.sahil.rizeyediiklim.com bu ama\u00e7la, ba\u015fka programlar kullanabilir. Ancak, www.sahilrizeyediiklim.com taraf\u0131ndan gerekli bilgi g\u00fcvenli\u011fi \u00f6nlemlerinin almas\u0131na kar\u015f\u0131n internet sitesine ve\/veya sisteme yap\u0131lan sald\u0131r\u0131lar sonucunda ki\u015fisel bilgilerin zarar g\u00f6rmesi veya \u00fc\u00e7\u00fcnc\u00fc ki\u015filerin eline ge\u00e7mesi durumunda, www.sahil.rizeyediiklim.com\u2019nin bu nedenle herhangi bir sorumlulu\u011fu olmayacakt\u0131r.<\/p><p>Bir kullan\u0131c\u0131n\u0131n, bir ba\u015fka kullan\u0131c\u0131n\u0131n bilgilerine ula\u015fmas\u0131 ve bu bilgileri de\u011fi\u015ftirmesi m\u00fcmk\u00fcn de\u011fildir. Kullan\u0131c\u0131n\u0131n ki\u015fisel bilgileri, www.rizeyediiklim.com haricinde yaln\u0131zca kullan\u0131c\u0131 taraf\u0131ndan ula\u015f\u0131labilir ve bu bilgiler ancak kullan\u0131c\u0131 taraf\u0131ndan g\u00fcncellenebilir. Kullan\u0131c\u0131n\u0131n talebi ile ki\u015fisel bilgiler www.sahil.rizeyediiklim.com taraf\u0131ndan da g\u00fcncellenebilecektir.<\/p><p>www.sahil.rizeyediiklim.com, ki\u015fisel bilgileri \u00f6l\u00e7\u00fcmleme \u00e7al\u0131\u015fmalar\u0131, reklam, tan\u0131t\u0131m, pazarlama ile sair ileti\u015fim faaliyetleri amac\u0131yla kullanabilece\u011fi ve Grup \u015eirketleri ile i\u015f ortaklar\u0131yla payla\u015fabilece\u011fi gibi www.sahil.rizeyediiklim.com taraf\u0131ndan sunulan hizmet kalitesinin artt\u0131r\u0131lmas\u0131 ve site faaliyetlerinin daha iyi \u015fekilde y\u00fcr\u00fct\u00fclmesi amac\u0131yla da kay\u0131t alt\u0131na al\u0131nabilir ve kullanabilir.<\/p><p>\u0130dari kurumlar ve adli kurumlar taraf\u0131ndan gelen talepler ve bildirimler do\u011frultusunda ki\u015fisel bilgiler, Gizlilik Politikas\u0131na uygun olarak adli ve idari kurumlar ile payla\u015f\u0131labilir.<\/p><p>Kullan\u0131c\u0131n\u0131n ki\u015fisel bilgileri; ger\u00e7ekle\u015ftirilen i\u015flemlerde gerekli g\u00f6r\u00fclmesi halinde, s\u00fcrecin h\u0131zland\u0131r\u0131lmas\u0131 ve kullan\u0131c\u0131lar aras\u0131ndaki ileti\u015fimi sa\u011flamak amac\u0131yla www.sahil.rizeyediiklim.com, internet sayfas\u0131n\u0131 kullanan kullan\u0131c\u0131lar\u0131n istatistiksel bilgilerini, teknik bir ileti\u015fim dosyas\u0131n\u0131 kullanarak elde edebilir. Kullan\u0131c\u0131lar isterse, bu dosyay\u0131 engellemeye y\u00f6nelik taray\u0131c\u0131 ayarlar\u0131n\u0131 de\u011fi\u015ftirebilirler.<\/p><p>www.sahil.rizeyediiklim.com internet sitesini ziyaret eden her kullan\u0131c\u0131, www.sahil.rizeyediiklim.com gizlilik politikas\u0131 h\u00fck\u00fcmlerini kabul etmi\u015f say\u0131lacakt\u0131r.<\/p>\t\t\t\t\t\t<\/div>\n\t\t\t\t<\/div>\n\t\t\t\t\t<\/div>\n\t\t<\/div>\n\t\t\t\t\t\t\t<\/div>\n\t\t<\/section>\n\t\t\t\t\t\t\t<\/div>\n\t\t","protected":false},"excerpt":{"rendered":"<p>Bu gizlilik politikas\u0131 ile Rize Yediiklim Ki\u015fisel Geli\u015fim Kursu internet sitesi www.sahil.rizeyediiklim.com \u00fczerinden kullan\u0131c\u0131lar\u0131n www.sahil.rizeyediiklim.com\u2019de bulunan ki\u015fisel bilgilerinin kullan\u0131m\u0131 ve korunmas\u0131 d\u00fczenlenmektedir. Kullan\u0131c\u0131lar\u0131n ki\u015fisel bilgileri, ad\u0131 \u2013 soyad\u0131, do\u011fum tarihi, telefon numaras\u0131, e-posta adresi, T.C. kimlik numaras\u0131 gibi kullan\u0131c\u0131y\u0131 do\u011frudan ya da dolayl\u0131 olarak tan\u0131mlamaya y\u00f6nelik her t\u00fcrl\u00fc ki\u015fisel bilgi olup, bu gizlilik politikas\u0131nda \u201cki\u015fisel [&hellip;]<\/p>\n","protected":false},"author":1,"featured_media":0,"parent":0,"menu_order":0,"comment_status":"closed","ping_status":"closed","template":"","meta":{"_acf_changed":false,"inline_featured_image":false,"footnotes":""},"class_list":["post-1503","page","type-page","status-publish","hentry"],"acf":[],"aioseo_notices":[],"_links":{"self":[{"href":"https:\/\/rizeyediiklim.com.tr\/index.php?rest_route=\/wp\/v2\/pages\/1503","targetHints":{"allow":["GET"]}}],"collection":[{"href":"https:\/\/rizeyediiklim.com.tr\/index.php?rest_route=\/wp\/v2\/pages"}],"about":[{"href":"https:\/\/rizeyediiklim.com.tr\/index.php?rest_route=\/wp\/v2\/types\/page"}],"author":[{"embeddable":true,"href":"https:\/\/rizeyediiklim.com.tr\/index.php?rest_route=\/wp\/v2\/users\/1"}],"replies":[{"embeddable":true,"href":"https:\/\/rizeyediiklim.com.tr\/index.php?rest_route=%2Fwp%2Fv2%2Fcomments&post=1503"}],"version-history":[{"count":0,"href":"https:\/\/rizeyediiklim.com.tr\/index.php?rest_route=\/wp\/v2\/pages\/1503\/revisions"}],"wp:attachment":[{"href":"https:\/\/rizeyediiklim.com.tr\/index.php?rest_route=%2Fwp%2Fv2%2Fmedia&parent=1503"}],"curies":[{"name":"wp","href":"https:\/\/api.w.org\/{rel}","templated":true}]}}